{"id":14,"date":"2023-04-24T00:29:24","date_gmt":"2023-04-23T22:29:24","guid":{"rendered":"https:\/\/www.thenordicmark.com\/cz\/?page_id=14"},"modified":"2026-03-17T15:54:09","modified_gmt":"2026-03-17T14:54:09","slug":"o-nas","status":"publish","type":"page","link":"https:\/\/www.thenordicmark.com\/cz\/o-nas\/","title":{"rendered":"O n\u00e1s"},"content":{"rendered":"\n<p>Skupina thenordicmark poskytuje slu\u017eby profesion\u00e1ln\u00edm a kutilsk\u00fdm prodejn\u00edm s\u00edt\u00edm a mal\u00ed\u0159\u016fm, pr\u016fmyslov\u00fdm podnik\u016fm a \u00a0stavebn\u00edmu pr\u016fmyslu v Ma\u010farsku, Rumunsku, a \u010cesk\u00e9 republice (pozn.: v \u010cesk\u00e9 republice p\u016fsob\u00edme pouze v segmentu dekorativn\u00edch n\u00e1t\u011br\u016f). Spolupracujeme s p\u0159edn\u00edmi zna\u010dkami a v\u00fdrobci. N\u00e1\u0161 t\u00fdm v\u00edce ne\u017e 140 profesion\u00e1l\u016f obsluhuje p\u0159es 1000 partner\u016f v regionu, v\u010detn\u011b s\u00edt\u011b p\u0159esahuj\u00edc\u00ed 450 t\u00f3novac\u00edch stroj\u016f. Za posledn\u00edch 10 let jsme proaktivn\u011b a systematicky zv\u00fd\u0161ili tr\u017eby z prodeje \u010dty\u0159n\u00e1sobn\u011b. Na \u00fazem\u00edch kde operujeme, \u017eije p\u0159ibli\u017en\u011b 46 milion\u016f obyvatel a odhadovan\u00e1 velikost obchodu s barvami a n\u00e1t\u011bry p\u0159esahuje 1 miliardu EUR.<\/p>\n\n\n\n<div style=\"height:40px\" aria-hidden=\"true\" class=\"wp-block-spacer\"><\/div>\n\n\n\n<div class=\"wp-block-columns is-layout-flex wp-container-core-columns-is-layout-28f84493 wp-block-columns-is-layout-flex\">\n<div class=\"wp-block-column is-layout-flow wp-block-column-is-layout-flow\">\n<figure class=\"wp-block-image size-full\"><img decoding=\"async\" width=\"1200\" height=\"934\" src=\"https:\/\/www.thenordicmark.com\/cz\/wp-content\/uploads\/2024\/02\/Tikkurila_Sirkkalankatu_Turku_FinnGard_Clean_exterior.jpg\" alt=\"\" class=\"wp-image-3638\" srcset=\"https:\/\/www.thenordicmark.com\/cz\/wp-content\/uploads\/2024\/02\/Tikkurila_Sirkkalankatu_Turku_FinnGard_Clean_exterior.jpg 1200w, https:\/\/www.thenordicmark.com\/cz\/wp-content\/uploads\/2024\/02\/Tikkurila_Sirkkalankatu_Turku_FinnGard_Clean_exterior-520x405.jpg 520w, https:\/\/www.thenordicmark.com\/cz\/wp-content\/uploads\/2024\/02\/Tikkurila_Sirkkalankatu_Turku_FinnGard_Clean_exterior-768x598.jpg 768w\" sizes=\"(max-width: 1200px) 100vw, 1200px\" \/><\/figure>\n<\/div>\n\n\n\n<div class=\"wp-block-column is-layout-flow wp-block-column-is-layout-flow\">\n<h3 class=\"wp-block-heading\">STAVEBNICTV\u00cd<\/h3>\n\n\n\n<h4 class=\"wp-block-heading\">Produkty pro cel\u00fd d\u016fm<\/h4>\n\n\n\n<p>\u0160irok\u00fd sortiment barev, n\u00e1stroj\u016f a lepidel pro mal\u00ed\u0159e, \u0159emesln\u00edky a kutily zahrnuje barvy, laky, lazury, emaily, om\u00edtky a speci\u00e1ln\u00ed dekorativn\u00ed v\u00fdrobky od ekonomick\u00fdch a\u017e po pr\u00e9miovou kvalitu.<\/p>\n\n\n\n<p>Jsou ur\u010deny k n\u00e1t\u011br\u016fm st\u011bn a strop\u016f, d\u0159ev\u011bn\u00fdch povrch\u016f, jako jsou parkety, oblo\u017een\u00ed, n\u00e1bytek, d\u0159ev\u011bn\u00e1 z\u00e1bradl\u00ed a ploty, vnit\u0159n\u00ed a vn\u011bj\u0161\u00ed kovov\u00e9 povrchy. \u0160irok\u00e9 spektrum zahrnuje tak\u00e9 om\u00edtky a fas\u00e1dn\u00ed barvy. Produkty jsou k dispozici v tis\u00edc\u00edch odst\u00ednech d\u00edky propracovan\u00e9mu syst\u00e9mu t\u00f3nov\u00e1n\u00ed.<\/p>\n<\/div>\n<\/div>\n\n\n\n<div class=\"wp-block-columns is-layout-flex wp-container-core-columns-is-layout-28f84493 wp-block-columns-is-layout-flex\">\n<div class=\"wp-block-column is-layout-flow wp-block-column-is-layout-flow\">\n<h3 class=\"wp-block-heading\">STROJ\u00cdRENSK\u00dd PR\u016eMYSL<\/h3>\n\n\n\n<h4 class=\"wp-block-heading\">V\u00fdroba, \u00fadr\u017eba, mosty<\/h4>\n\n\n\n<p>Produkty jsou ur\u010deny pro profesion\u00e1ln\u00ed vyu\u017eit\u00ed ve stroj\u00edrensk\u00e9 v\u00fdrob\u011b, \u00fadr\u017ebov\u00e9 n\u00e1t\u011bry ve spole\u010dnostech, m\u011bstech a obc\u00edch, na zem\u011bd\u011blsk\u00e9 stroje, pro dlouhodob\u00e9 n\u00e1t\u011bry most\u016f, kontejner\u016f a ocelov\u00fdch konstrukc\u00ed, a tak\u00e9 speci\u00e1ln\u00ed produkty pro sladkovodn\u00ed a odpadov\u00e9 hospod\u00e1\u0159stv\u00ed.<\/p>\n\n\n\n<p>N\u00e1t\u011brov\u00e9 syst\u00e9my se vyzna\u010duj\u00ed rychl\u00fdm schnut\u00edm vhodn\u00fdm pro vysokou produktivitu zpracov\u00e1n\u00ed, \u0161irokou \u0161k\u00e1lou odst\u00edn\u016f d\u00edky t\u00f3novac\u00edmu syst\u00e9mu Temaspeed a mo\u017enost\u00ed dod\u00e1vek v mal\u00fdch mno\u017estv\u00edch bez nutnosti vytv\u00e1\u0159en\u00ed z\u00e1sob.<\/p>\n<\/div>\n\n\n\n<div class=\"wp-block-column is-layout-flow wp-block-column-is-layout-flow\">\n<figure class=\"wp-block-image size-full\"><img decoding=\"async\" width=\"1200\" height=\"900\" src=\"https:\/\/www.thenordicmark.com\/cz\/wp-content\/uploads\/2024\/02\/Tikkurila_Dunaujvaros_Hungary_2.jpg\" alt=\"\" class=\"wp-image-3639\" srcset=\"https:\/\/www.thenordicmark.com\/cz\/wp-content\/uploads\/2024\/02\/Tikkurila_Dunaujvaros_Hungary_2.jpg 1200w, https:\/\/www.thenordicmark.com\/cz\/wp-content\/uploads\/2024\/02\/Tikkurila_Dunaujvaros_Hungary_2-520x390.jpg 520w, https:\/\/www.thenordicmark.com\/cz\/wp-content\/uploads\/2024\/02\/Tikkurila_Dunaujvaros_Hungary_2-768x576.jpg 768w\" sizes=\"(max-width: 1200px) 100vw, 1200px\" \/><\/figure>\n<\/div>\n<\/div>\n\n\n\n<div class=\"wp-block-columns is-layout-flex wp-container-core-columns-is-layout-28f84493 wp-block-columns-is-layout-flex\">\n<div class=\"wp-block-column is-layout-flow wp-block-column-is-layout-flow\">\n<figure class=\"wp-block-image size-full\"><img decoding=\"async\" width=\"1200\" height=\"800\" src=\"https:\/\/www.thenordicmark.com\/cz\/wp-content\/uploads\/2024\/02\/Tikkurila_Industry_Riksbyggen_1_low.jpg\" alt=\"\" class=\"wp-image-3640\" srcset=\"https:\/\/www.thenordicmark.com\/cz\/wp-content\/uploads\/2024\/02\/Tikkurila_Industry_Riksbyggen_1_low.jpg 1200w, https:\/\/www.thenordicmark.com\/cz\/wp-content\/uploads\/2024\/02\/Tikkurila_Industry_Riksbyggen_1_low-520x347.jpg 520w, https:\/\/www.thenordicmark.com\/cz\/wp-content\/uploads\/2024\/02\/Tikkurila_Industry_Riksbyggen_1_low-768x512.jpg 768w\" sizes=\"(max-width: 1200px) 100vw, 1200px\" \/><\/figure>\n<\/div>\n\n\n\n<div class=\"wp-block-column is-layout-flow wp-block-column-is-layout-flow\">\n<h3 class=\"wp-block-heading\">D\u0158EVA\u0158SK\u00dd PR\u016eMYSL<\/h3>\n\n\n\n<h4 class=\"wp-block-heading\">Okna, dve\u0159e a n\u00e1bytek<\/h4>\n\n\n\n<p>Profesion\u00e1ln\u00ed n\u00e1t\u011brov\u00e9 syst\u00e9my, lepidla a n\u00e1stroje pro d\u0159evozpracuj\u00edc\u00ed a n\u00e1bytk\u00e1\u0159sk\u00fd pr\u016fmysl. Portfolio v\u00fdrobk\u016f zahrnuje v\u00fdrobu d\u0159ev\u011bn\u00fdch oken a dve\u0159\u00ed, interi\u00e9rov\u00e9ho n\u00e1bytku, d\u0159ev\u011bn\u00fdch a r\u00e1mov\u00fdch dom\u016f, \u00fadr\u017ebov\u00e9 n\u00e1t\u011bry pro bedn\u011bn\u00ed a d\u0159ev\u011bn\u00e9 konstrukce.<\/p>\n\n\n\n<p>N\u00e1t\u011brov\u00e9 syst\u00e9my se vyzna\u010duj\u00ed rychl\u00fdm schnut\u00edm vhodn\u00fdm pro vysokou produktivitu zpracov\u00e1n\u00ed, \u0161irokou \u0161k\u00e1lou odst\u00edn\u016f d\u00edky syst\u00e9mu t\u00f3nov\u00e1n\u00ed a mo\u017enost\u00ed dod\u00e1vek v mal\u00fdch mno\u017estv\u00edch bez vytv\u00e1\u0159en\u00ed z\u00e1sob.<\/p>\n<\/div>\n<\/div>\n","protected":false},"excerpt":{"rendered":"<p>Skupina thenordicmark poskytuje slu\u017eby profesion\u00e1ln\u00edm a kutilsk\u00fdm prodejn\u00edm s\u00edt\u00edm a mal\u00ed\u0159\u016fm, pr\u016fmyslov\u00fdm podnik\u016fm a \u00a0stavebn\u00edmu pr\u016fmyslu v Ma\u010farsku, Rumunsku, a \u010cesk\u00e9 republice (pozn.: v \u010cesk\u00e9 republice p\u016fsob\u00edme pouze v segmentu dekorativn\u00edch n\u00e1t\u011br\u016f). Spolupracujeme s p\u0159edn\u00edmi zna\u010dkami a v\u00fdrobci. N\u00e1\u0161 t\u00fdm v\u00edce ne\u017e 140 profesion\u00e1l\u016f obsluhuje p\u0159es 1000 partner\u016f v regionu, v\u010detn\u011b s\u00edt\u011b p\u0159esahuj\u00edc\u00ed 450 t\u00f3novac\u00edch [&hellip;]<\/p>\n","protected":false},"author":1,"featured_media":196,"parent":0,"menu_order":0,"comment_status":"closed","ping_status":"closed","template":"","meta":{"_acf_changed":false,"inline_featured_image":false,"footnotes":""},"class_list":["post-14","page","type-page","status-publish","has-post-thumbnail","hentry"],"acf":[],"_links":{"self":[{"href":"https:\/\/www.thenordicmark.com\/cz\/wp-json\/wp\/v2\/pages\/14","targetHints":{"allow":["GET"]}}],"collection":[{"href":"https:\/\/www.thenordicmark.com\/cz\/wp-json\/wp\/v2\/pages"}],"about":[{"href":"https:\/\/www.thenordicmark.com\/cz\/wp-json\/wp\/v2\/types\/page"}],"author":[{"embeddable":true,"href":"https:\/\/www.thenordicmark.com\/cz\/wp-json\/wp\/v2\/users\/1"}],"replies":[{"embeddable":true,"href":"https:\/\/www.thenordicmark.com\/cz\/wp-json\/wp\/v2\/comments?post=14"}],"version-history":[{"count":13,"href":"https:\/\/www.thenordicmark.com\/cz\/wp-json\/wp\/v2\/pages\/14\/revisions"}],"predecessor-version":[{"id":4054,"href":"https:\/\/www.thenordicmark.com\/cz\/wp-json\/wp\/v2\/pages\/14\/revisions\/4054"}],"wp:featuredmedia":[{"embeddable":true,"href":"https:\/\/www.thenordicmark.com\/cz\/wp-json\/wp\/v2\/media\/196"}],"wp:attachment":[{"href":"https:\/\/www.thenordicmark.com\/cz\/wp-json\/wp\/v2\/media?parent=14"}],"curies":[{"name":"wp","href":"https:\/\/api.w.org\/{rel}","templated":true}]}}

O nás

<p>Skupina thenordicmark poskytuje služby profesionálním a kutilským prodejním sítím a malířům, průmyslovým podnikům a  stavebnímu průmyslu v Maďarsku, Rumunsku, a České republice (pozn.: v České republice působíme pouze v segmentu dekorativních nátěrů). Spolupracujeme s předními značkami a výrobci. Náš tým více než 140 profesionálů obsluhuje přes 1000 partnerů v regionu, včetně sítě přesahující 450 tónovacích strojů. Za posledních 10 let jsme proaktivně a systematicky zvýšili tržby z prodeje čtyřnásobně. Na územích kde operujeme, žije přibližně 46 milionů obyvatel a odhadovaná velikost obchodu s barvami a nátěry přesahuje 1 miliardu EUR.</p>



<div style="height:40px" aria-hidden="true" class="wp-block-spacer"></div>



<div class="wp-block-columns is-layout-flex wp-container-core-columns-is-layout-28f84493 wp-block-columns-is-layout-flex">
<div class="wp-block-column is-layout-flow wp-block-column-is-layout-flow">
<figure class="wp-block-image size-full"><img decoding="async" width="1200" height="934" src="https://www.thenordicmark.com/cz/wp-content/uploads/2024/02/Tikkurila_Sirkkalankatu_Turku_FinnGard_Clean_exterior.jpg" alt="" class="wp-image-3638" srcset="https://www.thenordicmark.com/cz/wp-content/uploads/2024/02/Tikkurila_Sirkkalankatu_Turku_FinnGard_Clean_exterior.jpg 1200w, https://www.thenordicmark.com/cz/wp-content/uploads/2024/02/Tikkurila_Sirkkalankatu_Turku_FinnGard_Clean_exterior-520x405.jpg 520w, https://www.thenordicmark.com/cz/wp-content/uploads/2024/02/Tikkurila_Sirkkalankatu_Turku_FinnGard_Clean_exterior-768x598.jpg 768w" sizes="(max-width: 1200px) 100vw, 1200px" /></figure>
</div>



<div class="wp-block-column is-layout-flow wp-block-column-is-layout-flow">
<h3 class="wp-block-heading">STAVEBNICTVÍ</h3>



<h4 class="wp-block-heading">Produkty pro celý dům</h4>



<p>Široký sortiment barev, nástrojů a lepidel pro malíře, řemeslníky a kutily zahrnuje barvy, laky, lazury, emaily, omítky a speciální dekorativní výrobky od ekonomických až po prémiovou kvalitu.</p>



<p>Jsou určeny k nátěrům stěn a stropů, dřevěných povrchů, jako jsou parkety, obložení, nábytek, dřevěná zábradlí a ploty, vnitřní a vnější kovové povrchy. Široké spektrum zahrnuje také omítky a fasádní barvy. Produkty jsou k dispozici v tisících odstínech díky propracovanému systému tónování.</p>
</div>
</div>



<div class="wp-block-columns is-layout-flex wp-container-core-columns-is-layout-28f84493 wp-block-columns-is-layout-flex">
<div class="wp-block-column is-layout-flow wp-block-column-is-layout-flow">
<h3 class="wp-block-heading">STROJÍRENSKÝ PRŮMYSL</h3>



<h4 class="wp-block-heading">Výroba, údržba, mosty</h4>



<p>Produkty jsou určeny pro profesionální využití ve strojírenské výrobě, údržbové nátěry ve společnostech, městech a obcích, na zemědělské stroje, pro dlouhodobé nátěry mostů, kontejnerů a ocelových konstrukcí, a také speciální produkty pro sladkovodní a odpadové hospodářství.</p>



<p>Nátěrové systémy se vyznačují rychlým schnutím vhodným pro vysokou produktivitu zpracování, širokou škálou odstínů díky tónovacímu systému Temaspeed a možností dodávek v malých množstvích bez nutnosti vytváření zásob.</p>
</div>



<div class="wp-block-column is-layout-flow wp-block-column-is-layout-flow">
<figure class="wp-block-image size-full"><img decoding="async" width="1200" height="900" src="https://www.thenordicmark.com/cz/wp-content/uploads/2024/02/Tikkurila_Dunaujvaros_Hungary_2.jpg" alt="" class="wp-image-3639" srcset="https://www.thenordicmark.com/cz/wp-content/uploads/2024/02/Tikkurila_Dunaujvaros_Hungary_2.jpg 1200w, https://www.thenordicmark.com/cz/wp-content/uploads/2024/02/Tikkurila_Dunaujvaros_Hungary_2-520x390.jpg 520w, https://www.thenordicmark.com/cz/wp-content/uploads/2024/02/Tikkurila_Dunaujvaros_Hungary_2-768x576.jpg 768w" sizes="(max-width: 1200px) 100vw, 1200px" /></figure>
</div>
</div>



<div class="wp-block-columns is-layout-flex wp-container-core-columns-is-layout-28f84493 wp-block-columns-is-layout-flex">
<div class="wp-block-column is-layout-flow wp-block-column-is-layout-flow">
<figure class="wp-block-image size-full"><img decoding="async" width="1200" height="800" src="https://www.thenordicmark.com/cz/wp-content/uploads/2024/02/Tikkurila_Industry_Riksbyggen_1_low.jpg" alt="" class="wp-image-3640" srcset="https://www.thenordicmark.com/cz/wp-content/uploads/2024/02/Tikkurila_Industry_Riksbyggen_1_low.jpg 1200w, https://www.thenordicmark.com/cz/wp-content/uploads/2024/02/Tikkurila_Industry_Riksbyggen_1_low-520x347.jpg 520w, https://www.thenordicmark.com/cz/wp-content/uploads/2024/02/Tikkurila_Industry_Riksbyggen_1_low-768x512.jpg 768w" sizes="(max-width: 1200px) 100vw, 1200px" /></figure>
</div>



<div class="wp-block-column is-layout-flow wp-block-column-is-layout-flow">
<h3 class="wp-block-heading">DŘEVAŘSKÝ PRŮMYSL</h3>



<h4 class="wp-block-heading">Okna, dveře a nábytek</h4>



<p>Profesionální nátěrové systémy, lepidla a nástroje pro dřevozpracující a nábytkářský průmysl. Portfolio výrobků zahrnuje výrobu dřevěných oken a dveří, interiérového nábytku, dřevěných a rámových domů, údržbové nátěry pro bednění a dřevěné konstrukce.</p>



<p>Nátěrové systémy se vyznačují rychlým schnutím vhodným pro vysokou produktivitu zpracování, širokou škálou odstínů díky systému tónování a možností dodávek v malých množstvích bez vytváření zásob.</p>
</div>
</div>

<p>Skupina thenordicmark poskytuje služby profesionálním a kutilským prodejním sítím a malířům, průmyslovým podnikům a  stavebnímu průmyslu v Maďarsku, Rumunsku, a České republice (pozn.: v České republice působíme pouze v segmentu dekorativních nátěrů). Spolupracujeme s předními značkami a výrobci. Náš tým více než 140 profesionálů obsluhuje přes 1000 partnerů v regionu, včetně sítě přesahující 450 tónovacích [&hellip;]</p>
