{"id":28,"date":"2023-04-24T00:31:12","date_gmt":"2023-04-23T22:31:12","guid":{"rendered":"https:\/\/thenordicmark.com\/hu\/?page_id=28"},"modified":"2025-04-10T14:49:22","modified_gmt":"2025-04-10T12:49:22","slug":"tamogatas","status":"publish","type":"page","link":"https:\/\/www.thenordicmark.com\/hu\/tamogatas\/","title":{"rendered":"T\u00e1mogat\u00e1s"},"content":{"rendered":"\n<h2 class=\"wp-block-heading has-text-align-center\">2021-2027-es fejleszt\u00e9si ciklusban GINOP_PLUSZ-1.2.3-21-2022-02771<\/h2>\n\n\n\n<p class=\"has-text-align-center has-large-font-size\">\u00c9p\u00edts\u00fck egy\u00fctt Magyarorsz\u00e1got!<\/p>\n\n\n<div class=\"wp-block-image\">\n<figure class=\"aligncenter size-full\"><img decoding=\"async\" width=\"1047\" height=\"293\" src=\"https:\/\/www.thenordicmark.com\/hu\/wp-content\/uploads\/2023\/05\/rrf-kedvezmenyezetti-infoblokk.jpg\" alt=\"\" class=\"wp-image-959\" srcset=\"https:\/\/www.thenordicmark.com\/hu\/wp-content\/uploads\/2023\/05\/rrf-kedvezmenyezetti-infoblokk.jpg 1047w, https:\/\/www.thenordicmark.com\/hu\/wp-content\/uploads\/2023\/05\/rrf-kedvezmenyezetti-infoblokk-520x146.jpg 520w, https:\/\/www.thenordicmark.com\/hu\/wp-content\/uploads\/2023\/05\/rrf-kedvezmenyezetti-infoblokk-768x215.jpg 768w\" sizes=\"(max-width: 1047px) 100vw, 1047px\" \/><\/figure><\/div>\n\n\n<p>A kedvezm\u00e9nyezett neve:&nbsp;<strong>D-MARK Korl\u00e1tolt Felel\u0151ss\u00e9g\u0171 T\u00e1rsas\u00e1g<\/strong><\/p>\n\n\n\n<p>A fejleszt\u00e9s t\u00e1rgya, c\u00e9lja:&nbsp;<strong>D-Mark R\u00e1k\u00f3czib\u00e1nya - Termel\u00e9s fejleszt\u00e9s \u00e9s moderniz\u00e1l\u00e1s 2022<\/strong><\/p>\n\n\n\n<p>A szerz\u0151d\u00f6tt t\u00e1mogat\u00e1s \u00f6sszege:\u00a0<strong>119 530 866 Ft<\/strong><\/p>\n\n\n\n<p>A projekt tervezett befejez\u00e9si d\u00e1tuma:&nbsp;<strong>2024.03.04.<\/strong><\/p>\n\n\n\n<p><strong>A projekt tartalm\u00e1nak r\u00e9szletes bemutat\u00e1sa:<\/strong><\/p>\n\n\n\n<p>A sz\u00e1razhabarcs \u00fczem 1984-es \u00e9p\u00edt\u00e9s\u0171, a p\u00e1ly\u00e1zat egyik t\u00e9tele az, hogy szigetelt \u00e9s f\u0171t\u00f6tt munka\u00e1llom\u00e1ss\u00e1 alak\u00edtsuk. Az automata sor telep\u00edt\u00e9s\u00e9hez sz\u00fcks\u00e9g van a csarnok b\u0151v\u00edt\u00e9s\u00e9re is, ez\u00e9rt 5 m\u00e9terrel meghosszabb\u00edtan\u00e1nk az egyik ir\u00e1nyba. A sz\u00e1razhabarcs gy\u00e1rt\u00e1shoz tartozik egy automata adal\u00e9kanyag-adagol\u00f3, amely 4 alapanyagot k\u00e9pes a recepthez adagolni, de a term\u00e9k paletta n\u00f6veked\u00e9s\u00e9vel m\u00e1r kev\u00e9s, ez\u00e9rt szeretn\u00e9nk m\u00e9g egy ugyanilyen automata adagol\u00f3t telep\u00edteni mell\u00e9, amely lefedn\u00e9 az adal\u00e9kanyagok teljes automatiz\u00e1l\u00e1s\u00e1t, ez\u00e1ltal n\u00f6vekedne a sz\u00e1razhabarcs gy\u00e1rt\u00e1s hat\u00e9konys\u00e1ga.<\/p>\n\n\n\n<p>A sz\u00e1razhabarcs \u00fczem 1984-es \u00e9p\u00edt\u00e9s\u0171, a p\u00e1ly\u00e1zat egyik t\u00e9tele az, hogy szigetelt \u00e9s f\u0171t\u00f6tt munka\u00e1llom\u00e1ss\u00e1 alak\u00edtottuk. Az automata sor telep\u00edt\u00e9s\u00e9hez sz\u00fcks\u00e9g volt a csarnok b\u0151v\u00edt\u00e9s\u00e9re is, ez\u00e9rt 5 m\u00e9terrel meghosszabb\u00edtottuk az egyik ir\u00e1nyba. A sz\u00e1razhabarcs gy\u00e1rt\u00e1shoz tartozik egy automata adal\u00e9kanyag-adagol\u00f3, amely 4 alapanyagot k\u00e9pes a recepthez adagolni, de a term\u00e9k paletta n\u00f6veked\u00e9s\u00e9vel m\u00e1r kev\u00e9s volt, ez\u00e9rt m\u00e9g egy ugyanilyen automata adagol\u00f3t telep\u00edtett\u00fcnk a p\u00e1ly\u00e1zat keretei k\u00f6z\u00f6tt, amely lefedi az adal\u00e9kanyagok teljes automatiz\u00e1l\u00e1s\u00e1t, ez\u00e1ltal n\u00f6vekedett a sz\u00e1razhabarcs gy\u00e1rt\u00e1s hat\u00e9konys\u00e1ga.<\/p>\n\n\n\n<p>A pasztagy\u00e1rt\u00f3 \u00e9p\u00fclet egy 2017-ben \u00e9p\u00fclt, 280 m2-es, f\u0171t\u00f6tt \u00e9s szigetelt csarnok, jelenleg itt t\u00f6rt\u00e9nik a gy\u00e1rt\u00e1s \u00e9s a v\u00e9gterm\u00e9k rakt\u00e1roz\u00e1sa is. Mivel minden gy\u00e1rtott paszta term\u00e9k\u00fcnk v\u00edz b\u00e1zis\u00fa, ez\u00e9rt fagyvesz\u00e9lyes is. Az \u00e9p\u00fclet haszn\u00e1latbav\u00e9tele \u00f3ta \u00e1tlagosan 15-20% k\u00f6z\u00f6tti \u00e9ves n\u00f6veked\u00e9st \u00e9rt el az itt gy\u00e1rtott alapoz\u00f3k \u00e9s dekorvakolatok forgalma, emiatt szerett\u00fck volna a gy\u00e1rt\u00e1si \u00e9s rakt\u00e1roz\u00e1si kapacit\u00e1st n\u00f6velni. A gy\u00e1rt\u00e1si kapacit\u00e1s n\u00f6vel\u00e9s\u00e9t egy m\u00e1sodik kever\u0151g\u00e9ppel, ami megdupl\u00e1zta a kor\u00e1bbi kapacit\u00e1st \u00e9s az ide tartoz\u00f3 m\u0171szakok (\u00e9s oper\u00e1torok) sz\u00e1m\u00e1t, a rakt\u00e1roz\u00e1si probl\u00e9m\u00e1t pedig egy k\u00fcl\u00f6n rakt\u00e1r\u00e9p\u00fclet \u00e9p\u00edt\u00e9s\u00e9vel hidaltuk \u00e1t, ami megtripl\u00e1zta a kor\u00e1bban rendelkez\u00e9sre \u00e1ll\u00f3, paszta term\u00e9k t\u00e9li t\u00e1rol\u00e1s\u00e1ra alkalmas temper\u00e1lt r\u00e9szt.<\/p>\n\n\n\n<p>A sz\u00e1razhabarcs \u00e9s pasztagy\u00e1rt\u00f3 \u00fczem\u00fcnkre, valamint az \u00faj rakt\u00e1rra is szol\u00e1rpaneleket telep\u00edtett\u00fcnk. Ennek az a c\u00e9lja, hogy a nem meg\u00fajul\u00f3 energiaforr\u00e1sok haszn\u00e1lat\u00e1t minimaliz\u00e1ljuk \u00e9s egy modern technol\u00f3gi\u00e1val felszerelt, j\u00f6v\u0151be mutat\u00f3 gy\u00e1rtelepet m\u0171k\u00f6dtess\u00fcnk.&nbsp;&nbsp;&nbsp;&nbsp;&nbsp;&nbsp;&nbsp;&nbsp;&nbsp;&nbsp;&nbsp;&nbsp;&nbsp;&nbsp;&nbsp;&nbsp;&nbsp;&nbsp;&nbsp;&nbsp;&nbsp;&nbsp;&nbsp;&nbsp;&nbsp;&nbsp;&nbsp;&nbsp;&nbsp;&nbsp;&nbsp;&nbsp;&nbsp;&nbsp;&nbsp;&nbsp;&nbsp;&nbsp;&nbsp;&nbsp;&nbsp;&nbsp;&nbsp;<\/p>\n\n\n\n<p>A projekt keretei k\u00f6z\u00f6tt c\u00e9g\u00fcnk t\u00f6bb alkalmazottja k\u00e9pz\u00e9sen vett r\u00e9szt, amely a fejl\u0151d\u00e9s\u00fcnkh\u00f6z sz\u00fcks\u00e9ges.<\/p>\n\n\n\n<p>A napelemes rendszerrel biztos\u00edtjuk a c\u00e9g\u00fcnk elektromos energia ig\u00e9ny\u00e9t.<\/p>\n","protected":false},"excerpt":{"rendered":"<p>2021-2027-es fejleszt\u00e9si ciklusban GINOP_PLUSZ-1.2.3-21-2022-02771 \u00c9p\u00edts\u00fck egy\u00fctt Magyarorsz\u00e1got! A kedvezm\u00e9nyezett neve:&nbsp;D-MARK Korl\u00e1tolt Felel\u0151ss\u00e9g\u0171 T\u00e1rsas\u00e1g A fejleszt\u00e9s t\u00e1rgya, c\u00e9lja:&nbsp;D-Mark R\u00e1k\u00f3czib\u00e1nya - Termel\u00e9s fejleszt\u00e9s \u00e9s moderniz\u00e1l\u00e1s 2022 A szerz\u0151d\u00f6tt t\u00e1mogat\u00e1s \u00f6sszege:\u00a0119 530 866 Ft A projekt tervezett befejez\u00e9si d\u00e1tuma:&nbsp;2024.03.04. A projekt tartalm\u00e1nak r\u00e9szletes bemutat\u00e1sa: A sz\u00e1razhabarcs \u00fczem 1984-es \u00e9p\u00edt\u00e9s\u0171, a p\u00e1ly\u00e1zat egyik t\u00e9tele az, hogy szigetelt \u00e9s f\u0171t\u00f6tt [&hellip;]<\/p>\n","protected":false},"author":1,"featured_media":0,"parent":0,"menu_order":0,"comment_status":"closed","ping_status":"closed","template":"","meta":{"_acf_changed":false,"inline_featured_image":false,"footnotes":""},"class_list":["post-28","page","type-page","status-publish","hentry"],"acf":[],"_links":{"self":[{"href":"https:\/\/www.thenordicmark.com\/hu\/wp-json\/wp\/v2\/pages\/28","targetHints":{"allow":["GET"]}}],"collection":[{"href":"https:\/\/www.thenordicmark.com\/hu\/wp-json\/wp\/v2\/pages"}],"about":[{"href":"https:\/\/www.thenordicmark.com\/hu\/wp-json\/wp\/v2\/types\/page"}],"author":[{"embeddable":true,"href":"https:\/\/www.thenordicmark.com\/hu\/wp-json\/wp\/v2\/users\/1"}],"replies":[{"embeddable":true,"href":"https:\/\/www.thenordicmark.com\/hu\/wp-json\/wp\/v2\/comments?post=28"}],"version-history":[{"count":5,"href":"https:\/\/www.thenordicmark.com\/hu\/wp-json\/wp\/v2\/pages\/28\/revisions"}],"predecessor-version":[{"id":3994,"href":"https:\/\/www.thenordicmark.com\/hu\/wp-json\/wp\/v2\/pages\/28\/revisions\/3994"}],"wp:attachment":[{"href":"https:\/\/www.thenordicmark.com\/hu\/wp-json\/wp\/v2\/media?parent=28"}],"curies":[{"name":"wp","href":"https:\/\/api.w.org\/{rel}","templated":true}]}}

Támogatás

<h2 class="wp-block-heading has-text-align-center">2021-2027-es fejlesztési ciklusban GINOP_PLUSZ-1.2.3-21-2022-02771</h2>



<p class="has-text-align-center has-large-font-size">Építsük együtt Magyarországot!</p>


<div class="wp-block-image">
<figure class="aligncenter size-full"><img decoding="async" width="1047" height="293" src="https://www.thenordicmark.com/hu/wp-content/uploads/2023/05/rrf-kedvezmenyezetti-infoblokk.jpg" alt="" class="wp-image-959" srcset="https://www.thenordicmark.com/hu/wp-content/uploads/2023/05/rrf-kedvezmenyezetti-infoblokk.jpg 1047w, https://www.thenordicmark.com/hu/wp-content/uploads/2023/05/rrf-kedvezmenyezetti-infoblokk-520x146.jpg 520w, https://www.thenordicmark.com/hu/wp-content/uploads/2023/05/rrf-kedvezmenyezetti-infoblokk-768x215.jpg 768w" sizes="(max-width: 1047px) 100vw, 1047px" /></figure></div>


<p>A kedvezményezett neve:&nbsp;<strong>D-MARK Korlátolt Felelősségű Társaság</strong></p>



<p>A fejlesztés tárgya, célja:&nbsp;<strong>D-Mark Rákóczibánya - Termelés fejlesztés és modernizálás 2022</strong></p>



<p>A szerződött támogatás összege: <strong>119 530 866 Ft</strong></p>



<p>A projekt tervezett befejezési dátuma:&nbsp;<strong>2024.03.04.</strong></p>



<p><strong>A projekt tartalmának részletes bemutatása:</strong></p>



<p>A szárazhabarcs üzem 1984-es építésű, a pályázat egyik tétele az, hogy szigetelt és fűtött munkaállomássá alakítsuk. Az automata sor telepítéséhez szükség van a csarnok bővítésére is, ezért 5 méterrel meghosszabbítanánk az egyik irányba. A szárazhabarcs gyártáshoz tartozik egy automata adalékanyag-adagoló, amely 4 alapanyagot képes a recepthez adagolni, de a termék paletta növekedésével már kevés, ezért szeretnénk még egy ugyanilyen automata adagolót telepíteni mellé, amely lefedné az adalékanyagok teljes automatizálását, ezáltal növekedne a szárazhabarcs gyártás hatékonysága.</p>



<p>A szárazhabarcs üzem 1984-es építésű, a pályázat egyik tétele az, hogy szigetelt és fűtött munkaállomássá alakítottuk. Az automata sor telepítéséhez szükség volt a csarnok bővítésére is, ezért 5 méterrel meghosszabbítottuk az egyik irányba. A szárazhabarcs gyártáshoz tartozik egy automata adalékanyag-adagoló, amely 4 alapanyagot képes a recepthez adagolni, de a termék paletta növekedésével már kevés volt, ezért még egy ugyanilyen automata adagolót telepítettünk a pályázat keretei között, amely lefedi az adalékanyagok teljes automatizálását, ezáltal növekedett a szárazhabarcs gyártás hatékonysága.</p>



<p>A pasztagyártó épület egy 2017-ben épült, 280 m2-es, fűtött és szigetelt csarnok, jelenleg itt történik a gyártás és a végtermék raktározása is. Mivel minden gyártott paszta termékünk víz bázisú, ezért fagyveszélyes is. Az épület használatbavétele óta átlagosan 15-20% közötti éves növekedést ért el az itt gyártott alapozók és dekorvakolatok forgalma, emiatt szerettük volna a gyártási és raktározási kapacitást növelni. A gyártási kapacitás növelését egy második keverőgéppel, ami megduplázta a korábbi kapacitást és az ide tartozó műszakok (és operátorok) számát, a raktározási problémát pedig egy külön raktárépület építésével hidaltuk át, ami megtriplázta a korábban rendelkezésre álló, paszta termék téli tárolására alkalmas temperált részt.</p>



<p>A szárazhabarcs és pasztagyártó üzemünkre, valamint az új raktárra is szolárpaneleket telepítettünk. Ennek az a célja, hogy a nem megújuló energiaforrások használatát minimalizáljuk és egy modern technológiával felszerelt, jövőbe mutató gyártelepet működtessünk.&nbsp;&nbsp;&nbsp;&nbsp;&nbsp;&nbsp;&nbsp;&nbsp;&nbsp;&nbsp;&nbsp;&nbsp;&nbsp;&nbsp;&nbsp;&nbsp;&nbsp;&nbsp;&nbsp;&nbsp;&nbsp;&nbsp;&nbsp;&nbsp;&nbsp;&nbsp;&nbsp;&nbsp;&nbsp;&nbsp;&nbsp;&nbsp;&nbsp;&nbsp;&nbsp;&nbsp;&nbsp;&nbsp;&nbsp;&nbsp;&nbsp;&nbsp;&nbsp;</p>



<p>A projekt keretei között cégünk több alkalmazottja képzésen vett részt, amely a fejlődésünkhöz szükséges.</p>



<p>A napelemes rendszerrel biztosítjuk a cégünk elektromos energia igényét.</p>

<p>2021-2027-es fejlesztési ciklusban GINOP_PLUSZ-1.2.3-21-2022-02771 Építsük együtt Magyarországot! A kedvezményezett neve:&nbsp;D-MARK Korlátolt Felelősségű Társaság A fejlesztés tárgya, célja:&nbsp;D-Mark Rákóczibánya - Termelés fejlesztés és modernizálás 2022 A szerződött támogatás összege: 119 530 866 Ft A projekt tervezett befejezési dátuma:&nbsp;2024.03.04. A projekt tartalmának részletes bemutatása: A szárazhabarcs üzem 1984-es építésű, a pályázat egyik tétele az, hogy szigetelt és fűtött [&hellip;]</p>
